 -v. Suppose 0 = 3*n - v*n + 8. Let y(t) = 2*t**2 - 3*t + 2. Give y(n).
4
Let s be 8/(-6)*3/(-2). Let l(u) = -u**2 + 4*u - 1. Let w be l(3). Let n(i) = -i**w + 5*i + 0*i - 3*i. Determine n(s).
0
Let q(d) be the third derivative of d**4/8 + 2*d**3/3 - d**2. Suppose 42 = -14*w - 0*w. Calculate q(w).
-5
Let b be 3*(-2 - (0 - 3)). Let y(v) = v - b*v + 3*v - 4*v**2. Suppose 1 = 2*d - 1. What is y(d)?
-3
Suppose 0 = -2*k - 4*p, 0 = -2*k - k + 4*p + 10. Let b(m) = m + 3. Let l(q) = q + 1. Let s(y) = k*l(y) + b(y). What is s(-5)?
-10
Let m(k) = -k**3 - 6*k**2 - k - 1. Suppose 15*b - 84 = 11*b. Let x = -27 + b. Calculate m(x).
5
Suppose -5*y + h = -y - 7, 0 = -4*y + 2*h + 10. Suppose u - 3 = -0*u. Let x(n) = -n**2 - u*n**3 + 4*n**3 - 2*n**3. Determine x(y).
-2
Let h(w) = -1 + 0*w**2 + 0*w**2 - w - 4*w**2. Let b(o) = -o + 1. Let r be b(-1). Let l be r/(-4) - (-2)/(-4). Give h(l).
-4
Let i(p) = p**3 + 3*p**2. Suppose 5*r - 23 = 2*c - c, 0 = 2*r - 8. Give i(c).
0
Let v = 10 + 0. Let w(l) = l**3 - 10*l**2 + 5. Give w(v).
5
Let x(l) = 4 + 6*l + 0 - 5*l. Suppose -i + 2*k - 1 = -3, -2*k - 38 = 5*i. Determine x(i).
-2
Let z(m) = m + 2. Let j(s) = -s**3 + 3*s**2 + 4*s. Let h be j(4). Suppose -4*o - o + 25 = h. Suppose 0 = -f + o*f - 12. Determine z(f).
5
Let n(i) = 6*i - 1. Let k be n(1). Let v(h) = k*h**2 - 3*h**2 - 4 - h - h**2 - 1. Calculate v(4).
7
Let w(a) = -a**3 - 5*a**2 - 2*a. Let o be w(-2). Let b(z) = z**2 + 10*z + 11. Give b(o).
-5
Let o(t) = -8*t + 7. Let q(s) = 4*s - 4. Let h(k) = -3*o(k) - 5*q(k). Let m(j) = 3*j - 1. Let z(c) = 4*h(c) - 5*m(c). Let x = 0 - -1. Give z(x).
2
Let o(g) be the first derivative of -g**2 - 12*g + 8. What is o(-9)?
6
Let z(h) be the first derivative of -h**4/2 - 2*h**3/3 - 2*h - 31. Determine z(-2).
6
Suppose -3*z - 10 = -8*z. Let x(u) = 1. Let j(q) = -q - 2. Let w(y) = 3*j(y) + 5*x(y). Give w(z).
-7
Let t be (6/(-5))/(2/(-5)). Let h(p) = -p - 1. Let i(y) be the first derivative of -y**3/3 + 3*y**2 + y + 4. Let w(x) = 3*h(x) + i(x). Calculate w(t).
-2
Let z(d) be the second derivative of d**3/3 - d**2 - 5*d. Determine z(2).
2
Let k(i) be the second derivative of -3*i**4/4 - 5*i**3/2 + 3*i**2 + 5*i. Let r(q) = -3 + 0*q + 0 + 8*q + 5*q**2. Let t(g) = 4*k(g) + 7*r(g). Give t(-5).
-2
Let h(p) = p + 5. Let k(b) = b**2 - 2*b + 1. Let r be k(3). Suppose -6*w + r*w + 5*g + 25 = 0, 5*w + 4*g - 112 = 0. Suppose w = -3*q - q. Give h(q).
0
Let i be (1 - 1)/((-6)/(-3)). Let p(m) = i*m**2 + 1 - m**2 - 3*m**2 - m**3 + 0. What is p(-4)?
1
Let x = -1 - -3. Let t(j) = j - 1. Let i(y) = 6*y - 1. Let g(l) = -i(l) + t(l). Give g(x).
-10
Let r = -2 - -2. Let k(a) = -3 + a + r + 7*a**2 - 2*a**2 + 0*a + a**3. What is k(-5)?
-8
Let f(w) = 2*w - 1. Let j be f(-3). Let h = j - -12. Let v(b) = b - b**2 - b + 3*b - h. Determine v(4).
-9
Let c be 21/5 - 3/15. Let u be (c/6 - 1)*-9. Let i(s) = 2 + 0*s + u*s - 2*s. Determine i(3).
5
Let k(s) = -s**3 - 9*s**2 + 2*s + 11. Suppose 0 = 24*q - 6*q + 162. Give k(q).
-7
Let l(x) be the first derivative of x**6/360 + 7*x**5/120 + x**4/8 + x**3/3 - 3. Let t(n) be the third derivative of l(n). Calculate t(-5).
-7
Let p(u) = -3*u + 1. Suppose -4*q - 2*l = 2*l + 12, 4*q - 28 = 4*l. Let j be 3/((-9)/(-12)*q). Calculate p(j).
-5
Let b(l) = l**3 - 6*l**2 + 5*l + 6. Suppose -14*j + 10*j + 20 = 0. What is b(j)?
6
Let x = -5 + 8. Let w(j) = x*j - 5*j + 5 + 1 + j. Determine w(5).
1
Let l(h) = 0*h**2 + 5 - 4*h + 3*h**2 - 4*h**2. Let j be l(-5). Let m(u) = -1. Let d(z) = -z + 9. Let r(w) = -d(w) - 3*m(w). What is r(j)?
-6
Let g(l) be the third derivative of l**4/12 - l**3/2 - l**2. Let o(h) = -h - 4. Let v be o(-6). What is g(v)?
1
Let q(o) be the second derivative of -o**4/12 + 5*o**3/6 + o. Let u(j) = 6*j**2 - 4*j - 2. Let p be u(4). Let v be p/18 + 2/(-6). Give q(v).
4
Let h(t) = t**2 + 10*t - 7. Let l be h(-10). Let u = -5 - l. Let v(z) = z + 2*z**u - 3*z**2 + 3*z + 5 + 0*z. Give v(4).
5
Suppose 0 = -5*n - 5*d, -5*n - 2*d + 12 = -3. Suppose -n = 3*m + 10. Let r(f) be the second derivative of f**3/6 + 6*f**2 + 2*f. What is r(m)?
7
Suppose 4*l - 12 = -0*l. Let a(d) = 3*d - 6*d + 0 - l + 0*d. Suppose -2*p + 6 = -5*p. What is a(p)?
3
Let c(p) = p**2 + 9*p + 8. Let k be c(-8). Let x be (k + 2)/((-6)/(-9)). Let n(j) = 5*j**2 + j**x + 3 + 1 - j**2 - 2. Give n(-3).
11
Let t(s) = 0 + 4*s**3 + 3*s**3 + s**2 + 0. Let r be (-2)/4*(-2)/1. Suppose u + 2 = r. Give t(u).
-6
Let m(n) = 2*n + 2. Let j be -2*(-2)/(-4)*2. Let x(t) = t - 2. Let r be x(3). Let c be j + r - (-2 + 5). What is m(c)?
-6
Let a(q) = 4*q**3 + 2*q**2 - 2*q - 3. Let r(v) = 9*v**3 + 5*v**2 - 4*v - 7. Let y(g) = -7*a(g) + 3*r(g). Let i be 24/(-10) - ((-42)/(-15))/(-7). What is y(i)?
8
Let y = -1 - -7. Let m(o) be the third derivative of o**2 + 1/30*o**5 + 0*o**4 - 1/6*o**3 + 0*o + 0 + 1/30*o**y. Calculate m(1).
5
Let m(i) = 2*i**2 + 2*i - 1. Let q(z) = 0 + 0 + z**3 + 6 + 2 + 7*z + 7*z**2. Let w be q(-6). Suppose -3*t = -5*u + 6 + 8, 3*u - w*t - 9 = 0. Calculate m(u).
3
Suppose -3*n - 7 = 2. Let m = n - -6. Let y(t) = t**2 - 2. Determine y(m).
7
Let u(l) = l**2 + 3*l + 3. Let i(n) = 1. Let k(q) = 5*i(q) - u(q). Calculate k(-5).
-8
Let j(i) be the third derivative of i**6/120 + 6*i**2. What is j(1)?
1
Suppose 52 = l + 3*l. Let p = l + -6. Let a(w) = w**3 - p - 2*w**3 + 4*w**2 + 6. Calculate a(4).
-1
Let g(r) = -3*r + 2. Let i = -2 - -6. Suppose i*u = 4*l, 3*u - 12 = -3*l + 18. Let n = -3 + u. Give g(n).
-4
Let x(o) = o**3 + 7*o**2 - 9*o - 6. Let i be x(-8). Let y(j) = -5*j**i - j**3 + 5*j - 3 - 2 + 2 + 2*j**3. Calculate y(3).
-6
Let m(f) = -f**3 - f**2 + 4*f - 3. Let i be 5*(-2 - (-26)/10). Let c = -1 + i. Give m(c).
-7
Let m(q) = q**2. Let b(r) = r**3 + 7*r**2 - r. Let n(u) = b(u) - 6*m(u). What is n(-2)?
-2
Let m be (3/(-6) - 0)*-4. Let u(f) = -f**m + 8 + 2*f**2 + 0*f**2 - 7*f - 2. Suppose -5*s + 9 + 6 = 0, -4*w + 1 = -5*s. Calculate u(w).
-6
Let a(x) be the second derivative of -x**7/840 + x**6/180 - x**5/60 - x**4/6 - 4*x. Let c(b) be the third derivative of a(b). Calculate c(2).
-6
Let b(c) be the first derivative of 1/12*c**4 - 1/2*c**3 - 3/2*c**2 - 2 - 2*c. Let a(g) be the first derivative of b(g). Calculate a(4).
1
Let p(r) = r**2 - r - 1. Let q(u) = 4*u**2. Let m(j) = 5*p(j) - q(j). What is m(5)?
-5
Let j(k) = -5*k**2 + 3*k - 13. Let f(v) = 6*v**2 - 3*v + 14. Let d(l) = -6*f(l) - 7*j(l). Let n = -56 + 51. Give d(n).
-3
Let t(r) be the first derivative of r**3/3 + r**2/2 + 2*r - 11. Determine t(-2).
4
Let k(n) = -n**3 - 2*n**2 + 5*n. Let r = 24 - 18. Suppose 12 = 3*m - r*m. Calculate k(m).
12
Let i(c) be the first derivative of c**3/3 - 5*c**2/2 - 3*c - 49. Let o be 3*2 - (-2 + 4). What is i(o)?
-7
Let i(t) = 29*t - 9*t - 10*t - 12*t. What is i(-1)?
2
Let s(k) be the first derivative of k**3/3 + 5*k**2/2 - k + 1. Suppose 6*v = -16 - 8. Calculate s(v).
-5
Let p(t) = 1 + 2*t**2 + t - 13*t + 10*t - 6*t**3. Suppose 0*l = -l + 2*h - 4, 24 = 4*l + 2*h. Let r = -3 + l. Calculate p(r).
-5
Let l = -14 + 18. Let s(x) = -x**2 + 5*x + 1. Give s(l).
5
Let l(q) be the first derivative of -q**4/4 - 8*q**3/3 - 3*q**2 - 2*q - 18. Determine l(-7).
-9
Let i(v) = v**3 - 4*v**2 + v + 1. Suppose 10*d - 3 = 9*d. Determine i(d).
-5
Let n(i) be the third derivative of 0 + 3*i**2 + 1/12*i**4 - 1/60*i**5 + 0*i - 1/3*i**3. Let d = 5 + -1. Determine n(d).
-10
Let m(z) = -z**3 + 2*z**2 + 3*z + 1. Let s(q) = 2*q - 24. Let c be s(11). Give m(c).
11
Suppose v - 4*v = 0. Let x be 6*(0 + (-1)/(-2)). Let r(m) = 7 - m**x - 3*m + 2*m - m**2 + 2*m**3. Give r(v).
7
Let x(u) = -9*u + 16. Let t(b) = -5*b + 8. Let o(v) = -7*t(v) + 4*x(v). Determine o(7).
1
Let w(b) = b**3 + 6*b**2 + 2*b + 9. Let f(z) = -2*z - 20. Let g be f(-7). Determine w(g).
-3
Let q(n) be the third derivative of -n**5/60 + n**4/8 - n**3/6 + 25*n**2. What is q(2)?
1
Let j(w) = w**2 + 6*w + 6. Let z = -12 + 14. Suppose -26 = -0*c + z*c + 4*k, -4*c - 3*k = 32. Give j(c).
1
Suppose -3 = 4*x - 15. Let a(g) be the first derivative of -g - 2 + 1/3*g**x - 1/2*g**2. Determine a(0).
-1
Let i(d) be the second derivative of d**5/20 + d**4/2 - d**3/3 - d**2 + 3*d. Determine i(-6).
10
Let b(m) = 5*m**3 + m**2 + 2*m + 1. Suppose 2*j = -1 - 1. Let w be b(j). Let v(i) = i + 7. Determine v(w).
2
Let x be (-49)/84 + (-9)/(-12). Let p(z) be the thir